
47
Let r = 59005 + -14575. What is the greatest common factor of 60 and r?
30
Let h(b) = -b**3 + 9*b**2 + 769*b - 4596. Let v be h(6). Calculate the greatest common divisor of v and 11178.
18
Let j be 16*(1068/(-623))/((-16)/14 - -1). What is the highest common factor of 3264 and j?
192
Let n(i) = 3*i + 22. Let m be n(-14). Let g(p) = p**3 + 21*p**2 + 23*p + 72. Let b be g(m). What is the greatest common factor of 216 and b?
12
Suppose 18 = 4*s + 2*w, 9*s - 12*s + 2*w + 17 = 0. Suppose 3*f - 4*f - s*o = -71, 2*f + 4*o = 118. Calculate the highest common factor of 6 and f.
3
Let q(i) = 11 + 4 - 16 + 188*i**2 - 3*i + i. Let v be q(-1). Suppose -2*o + 10 = -4*o, 4*o = 4*c - 128. Calculate the highest common divisor of c and v.
27
Let a be 14/(-21) - (-358)/6. Suppose -t = 5*d + 7, -5*t - a = -3*d + 4*d. Let w = 8 - t. What is the highest common factor of w and 30?
10
Suppose -883 = -15*v + 107. Suppose -n + 24 = -4*i, -3*n - 4*i + 168 = 16. Calculate the greatest common divisor of v and n.
22
Let w(z) = -z**3 + 8*z**2 + 12*z + 29. Let j be w(-4). Suppose 5*b = u - 265 - j, -b = -3*u + 1244. Calculate the greatest common divisor of u and 14.
7
Suppose 20 + 78 = -14*y. Let a(x) = 2*x**3 + 13*x**2 + x + 2. Let l be a(y). Let u = l + 56. What is the greatest common factor of 2 and u?
2
Let j = 244 + -244. Let f be (8 - (3 + j)) + 22. Suppose -6*v = -3*v - 648. Calculate the highest common divisor of f and v.
27
Suppose 1099*s + 6876 = 1102*s. Calculate the greatest common divisor of s and 24.
12
Let u = -19872 - -19962. What is the highest common factor of 13650 and u?
30
Let u = -6 - -11. Suppose 0*m = -u*m + 190. Let i = 766 + -747. What is the greatest common divisor of m and i?
19
Let o(t) = t**2 + 17*t + 42. Let z be o(-9). Let c be (-12)/15*7*z. Suppose 24*m = 17*m + c. What is the greatest common factor of 36 and m?
12
Let j = 30 - 7. Suppose -p = -3*m + 4*p + j, -4*m + 3*p = -49. Calculate the greatest common divisor of m and 128.
16
Let o(z) = 18*z**2 + 71*z - 40. Let c be o(21). Calculate the greatest common factor of c and 82.
41
Suppose -9*l = -11*l - 284. Let b = -118 - l. Suppose s - b + 12 = 0. What is the greatest common divisor of 36 and s?
12
Let h be (14 - 2)*(-1 + 2). Suppose 3*a = -y + h, -y = -3*a + 2*a + 8. Let j be (-48 - -28)*2/((-16)/2). Calculate the greatest common divisor of a and j.
5
Suppose 2*c - 133 = -4*c + 47. What is the highest common divisor of 11265 and c?
15
Let z(h) = h**3 - 7*h**2 - 45*h - 60. Let a be z(12). Let c(u) = 12*u**2 + 2*u - 7. Let w be c(2). What is the highest common divisor of a and w?
15
Let r = -285 + 781. What is the highest common factor of 72 and r?
8
Suppose 5*p - 8*a - 56 = -12*a, 0 = -3*p + a + 37. What is the highest common factor of 3564 and p?
12
Suppose 0 = 5*z + 3*q - 460, -9*z + 5*z + 390 = -2*q. Calculate the highest common divisor of z and 1083.
19
Suppose 0 = -4*m - 28*m + 992. Let r = m + -21. What is the greatest common divisor of 360 and r?
10
Let k be 2/5 + (-654)/(-15). Suppose 0 = 572*g - 568*g + 136. Let b = -30 - g. What is the highest common divisor of k and b?
4
Suppose 15*d - 194 = -7*d + 48. What is the greatest common factor of d and 10571?
11
Let t = 21 + -26. Let i be -1 - (-17 + (t - -4)). Let a be (-2)/i - 2454/(-51). Calculate the greatest common divisor of 12 and a.
12
Let q = -94 - -98. Let v = -2 + q. Calculate the greatest common divisor of 32 and v.
2
Let t be (-1 - -3)/((-14)/(-8071)). Suppose 4*q = 3*b + t, -5*q - b - 4*b = -1415. What is the greatest common divisor of q and 78?
26
Suppose -211*c + 2387 + 2428 = 1439. Calculate the highest common divisor of 1676 and c.
4
Let b = 14 + 31. Let q be 2/(4/(-26))*-1. Suppose -h + q = -167. What is the highest common factor of b and h?
45
Suppose 817*v = 809*v + 116480. What is the highest common factor of v and 84?
28
Let g(v) be the first derivative of 13*v**2 - 44*v - 70. Let k be g(5). Calculate the highest common divisor of k and 2.
2
Let c be ((-258)/9)/((-4)/6). Let h = c + -41. Suppose q = h*y + 24, -4*q + 3*y = -32 - 54. What is the highest common factor of q and 80?
20
Let c be ((-444)/(-24))/(1/(-26)). Let r = -411 - c. Calculate the highest common factor of 112 and r.
14
Let w = 1037 - 1004. Let y be 1 + 152*5/10. What is the greatest common divisor of y and w?
11
Let d(q) = 117*q**2 + 4*q + 1. Let n be d(-1). Suppose 0 = 116*g - n*g - 32. Calculate the highest common factor of g and 28.
4
Let f = -23 - -25. Let n(v) = -v**2 - 6 + 15*v - 6 + f + 12. Let o be n(13). What is the greatest common factor of 28 and o?
28
Suppose 27*w - 33*w + 40000 - 526 = 0. What is the greatest common divisor of w and 903?
129
Let c be (17/(-5))/(311/(-219255)). What is the highest common divisor of 408 and c?
51
Let k be 8 + 279/(-36) + (-755)/(-20). Let u(b) = -57*b**3 + b**2 - 4*b - 5. Let g be u(-1). What is the highest common divisor of k and g?
19
Let w = -5249 + 5279. Let r be (-3)/2 - (-23)/2. Let u be 4/r*90/6. Calculate the highest common divisor of w and u.
6
Suppose 22*r - 121*r + 6138 = 180*r. Calculate the greatest common factor of 20966 and r.
22
Let f = 871 + -333. Let o be f/9 - 36/(-162). Calculate the highest common factor of 20 and o.
20
Suppose -2*y + 131*c + 89 = 136*c, 4*y = -c + 133. What is the highest common factor of y and 3616?
32
Let w(o) = o**2 + 13*o - 38. Let s be w(18). Suppose 5*h = 5*z - s, 3*z = -2*z - h + 526. What is the greatest common divisor of 30 and z?
15
Let o be 2/(2/203) - 2. Suppose o = 2*x - 3*n, -5*x + 3*n + 499 = -n. Calculate the greatest common factor of 9 and x.
9
Let a be (-41502)/(-84) - 19/266. Calculate the greatest common factor of a and 52.
26
Let r be -1 + (542 - (-8 - 1)). Calculate the greatest common factor of 30 and r.
10
Suppose 6 = 5*d + 31, 3*o - 31 = 5*d. Let m = o + 2. Let y be (27/6)/((-11)/22) - -41. Calculate the greatest common factor of y and m.
4
Suppose s + 3*t - 899 + 815 = 0, 242 = 3*s + 4*t. Let a = -6 - -58. Calculate the highest common divisor of a and s.
26
Let i = -45 + 75. Suppose -4*z - 2*q = -16, 20 = 2*z - 5*q + 3*q. Let u be (1 - z/(-2)) + 130/5. What is the greatest common factor of i and u?
30
Suppose -5*p - 105*a + 6236 = -109*a, 4*p - 5*a - 4987 = 0. Calculate the greatest common divisor of p and 6.
6
Let u be (-38 + 5/(-5))*1. Let v = u + 37. Let r(j) = 7*j**2 + 7*j + 2. Let i be r(v). What is the highest common divisor of 8 and i?
8
Let a(l) = -l**3 + 3*l**2 + 9. Let f be a(3). Let y be (50/(-4))/(f/(-18)). Let d = 308 + -208. Calculate the highest common factor of y and d.
25
Let k be ((-568)/96 + 6/(-8))*-33. Let m be (-27)/(-7) + (-1)/(-7). Suppose -6*i = -m*i - 40. Calculate the greatest common divisor of i and k.
20
Let c(q) = 28*q**3 + 250*q**2 + 2*q - 75. Let s be c(-8). What is the highest common factor of 52 and s?
13
Let b(c) = -18*c + 4. Let p be b(-4). Suppose 3*u - 1551 = -f + 621, -3*u + 3*f = -2148. Calculate the greatest common divisor of p and u.
38
Suppose -16436 = -413*b - 174*b. Calculate the highest common factor of 11228 and b.
28
Let p = -23619 - -23889. Calculate the greatest common divisor of 780 and p.
30
Let q = -20269 - -20581. What is the greatest common divisor of 192 and q?
24
Let y = -26 - -29. Let k be 1521/(-3)*-1 + y. Suppose w - k = -2*w. What is the highest common divisor of 68 and w?
34
Suppose 0 = 82*z + 98*z - 78 - 282. Suppose m - 2*m = -50. Calculate the highest common divisor of m and z.
2
Let q = 47 - 53. Let x be (36/(-6) + 5)*q. Calculate the greatest common divisor of x and 54.
6
Suppose -12 = -3*o, -4*o - 112 = g - 3*g. Let f = g - 56. Let y = f + 26. Calculate the greatest common divisor of 17 and y.
17
Let d be (-2)/(-20)*-2 + (-2017841)/(-3955). Let f(l) = 15*l**2 + l + 1. Let v be f(-1). Calculate the greatest common factor of d and v.
15
Let h be (22/(-55))/(2/(-540)). Suppose -20*v = -14*v + h. Let j = v + 26. What is the highest common divisor of 56 and j?
8
Let b be (-660)/(-12) + -9 + -6. What is the highest common factor of 320 and b?
40
Suppose 0 = 6*o + 2630 - 2642. Let n = 12 - 5. Suppose -3*c - 2*r = n, 0 = -2*c + r - 2*r - 3. What is the highest common factor of o and c?
1
Let i = -4107 + 4604. Calculate the greatest common divisor of 35 and i.
7
Let v = 3073